culate the highest common factor of 640 and 80.
80
Calculate the greatest common divisor of 1176 and 3192.
168
What is the highest common divisor of 17289 and 153?
153
Calculate the greatest common factor of 1859 and 77.
11
What is the greatest common factor of 7 and 29?
1
What is the highest common divisor of 9 and 1467?
9
Calculate the highest common divisor of 26 and 4238.
26
What is the highest common divisor of 20 and 10460?
20
Calculate the highest common factor of 16 and 2768.
16
What is the greatest common factor of 1344 and 42?
42
Calculate the greatest common factor of 4635 and 15.
15
Calculate the highest common divisor of 646 and 38.
38
Calculate the highest common divisor of 398 and 2.
2
Calculate the greatest common factor of 372 and 276.
12
Calculate the greatest common factor of 105 and 480.
15
Calculate the greatest common divisor of 28 and 7.
7
What is the greatest common divisor of 3294 and 432?
54
What is the highest common divisor of 78 and 546?
78
What is the highest common divisor of 5 and 640?
5
What is the highest common factor of 174 and 78?
6
Calculate the greatest common factor of 952 and 680.
136
Calculate the greatest common factor of 256 and 1216.
64
What is the greatest common factor of 30 and 150?
30
What is the greatest common factor of 1296 and 18?
18
What is the highest common factor of 303 and 2525?
101
Calculate the highest common factor of 70 and 1743.
7
Calculate the greatest common divisor of 45 and 765.
45
Calculate the greatest common factor of 76 and 152.
76
Calculate the highest common factor of 77 and 21.
7
What is the greatest common factor of 104 and 1064?
8
Calculate the highest common factor of 247 and 403.
13
What is the greatest common divisor of 39 and 351?
39
Calculate the greatest common factor of 399 and 456.
57
Calculate the greatest common divisor of 712 and 128.
8
What is the highest common factor of 44 and 594?
22
What is the greatest common divisor of 9165 and 195?
195
What is the highest common factor of 92 and 16?
4
What is the greatest common divisor of 2184 and 96?
24
What is the highest common factor of 24 and 372?
12
Calculate the highest common factor of 34 and 986.
34
Calculate the greatest common factor of 300 and 420.
60
Calculate the greatest common divisor of 78 and 20358.
78
What is the highest common factor of 17361 and 27?
27
Calculate the greatest common factor of 426 and 18602.
142
What is the highest common factor of 1888 and 32?
32
What is the highest common factor of 891 and 99?
99
Calculate the greatest common factor of 1512 and 70.
14
Calculate the highest common divisor of 98 and 147.
49
Calculate the highest common divisor of 14 and 4522.
14
Calculate the highest common factor of 13 and 8.
1
What is the highest common factor of 1404 and 559?
13
Calculate the highest common factor of 1760 and 5.
5
What is the greatest common divisor of 3908 and 4?
4
What is the greatest common factor of 57 and 42?
3
What is the greatest common divisor of 39 and 3081?
39
Calculate the highest common factor of 8184 and 66.
66
What is the highest common divisor of 112 and 602?
14
What is the highest common factor of 8 and 134?
2
Calculate the highest common divisor of 980 and 460.
20
Calculate the greatest common divisor of 1440 and 396.
36
Calculate the greatest common factor of 75 and 435.
15
Calculate the greatest common divisor of 4149 and 36.
9
What is the greatest common factor of 2 and 2?
2
Calculate the highest common factor of 59 and 1829.
59
What is the greatest common factor of 8104 and 8?
8
Calculate the greatest common factor of 120 and 6360.
120
Calculate the highest common factor of 24 and 2910.
6
What is the greatest common divisor of 42 and 237?
3
Calculate the greatest common divisor of 4628 and 208.
52
What is the greatest common divisor of 72 and 16?
8
Calculate the greatest common divisor of 57 and 10602.
57
What is the highest common factor of 425 and 136?
17
What is the highest common divisor of 244 and 1586?
122
Calculate the highest common divisor of 36 and 1044.
36
What is the highest common factor of 5509 and 7?
7
Calculate the highest common divisor of 62 and 341.
31
What is the highest common factor of 345 and 138?
69
What is the highest common factor of 3172 and 156?
52
Calculate the highest common factor of 12 and 20.
4
What is the greatest common divisor of 1491 and 315?
21
Calculate the highest common factor of 943 and 23.
23
What is the greatest common factor of 3 and 122?
1
What is the greatest common factor of 640 and 176?
16
Calculate the greatest common divisor of 256 and 8.
8
Calculate the highest common factor of 16 and 464.
16
What is the highest common divisor of 86062 and 74?
74
What is the greatest common divisor of 9 and 177?
3
Calculate the greatest common divisor of 44 and 33.
11
Calculate the greatest common divisor of 7138 and 774.
86
Calculate the greatest common divisor of 140 and 385.
35
Calculate the greatest common factor of 1832 and 229.
229
Calculate the greatest common factor of 2190 and 60.
30
What is the highest common factor of 4469 and 328?
41
Calculate the highest common factor of 6 and 246.
6
Calculate the greatest common factor of 5010 and 240.
30
What is the highest common divisor of 9317 and 21?
7
Calculate the highest common factor of 5 and 210.
5
Calculate the greatest common divisor of 1334 and 92.
46
What is the highest common divisor of 2880 and 9?
9
What is the greatest common factor of 138 and 874?
46
What is the greatest common factor of 342 and 304?
38
What is the greatest common divisor of 5 and 45?
5
What is the highest common divisor of 600 and 225?
75
Calculate the highest common factor of 299 and 69.
23
Calculate the greatest common factor of 114 and 5738.
38
What is the greatest common divisor of 18 and 315?
9
What is the greatest common factor of 3154 and 83?
83
What is the greatest common divisor of 70 and 26?
2
Calculate the highest common factor of 10164 and 42.
42
Calculate the greatest common divisor of 24 and 8.
8
What is the highest common factor of 176 and 17996?
44
Calculate the highest common divisor of 26 and 130.
26
Calculate the greatest common divisor of 8604 and 24.
12
Calculate the greatest common factor of 11 and 66.
11
What is the greatest common factor of 2133 and 27?
27
What is the greatest common factor of 83 and 581?
83
Calculate the greatest common divisor of 1302 and 14.
14
What is the greatest common factor of 27296 and 32?
32
Calculate the greatest common divisor of 6095 and 2990.
115
What is the highest common factor of 391 and 322?
23
What is the highest common divisor of 33 and 539?
11
What is the highest common factor of 2192 and 8?
8
What is the highest common divisor of 7 and 896?
7
Calculate the greatest common divisor of 5 and 10.
5
Calculate the greatest common divisor of 425 and 15.
5
What is the greatest common factor of 80 and 3160?
40
Calculate the highest common divisor of 1175 and 400.
25
What is the greatest common factor of 1528 and 24?
8
What is the highest common factor of 83 and 37018?
83
What is the greatest common factor of 429 and 198?
33
Calculate the highest common factor of 448 and 56.
56
What is the highest common factor of 2040 and 34?
34
What is the greatest common divisor of 12070 and 17?
17
Calculate the highest common factor of 31 and 93.
31
Calculate the highest common factor of 1834 and 112.
14
What is the highest common divisor of 4065 and 15?
15
Calculate the highest common divisor of 2717 and 76.
19
What is the highest common divisor of 74 and 37?
37
Calculate the highest common divisor of 25 and 535.
5
Calculate the greatest common divisor of 252 and 1701.
63
What is the highest common factor of 1400 and 56?
56
Calculate the greatest common divisor of 66 and 816.
6
What is the greatest common divisor of 99 and 45?
9
What is the highest common factor of 1845 and 45?
45
What is the highest common factor of 253 and 11?
11
Calculate the highest common divisor of 83 and 581.
83
Calculate the greatest common divisor of 56 and 24.
8
Calculate the greatest common factor of 1072 and 80.
16
What is the highest common factor of 124 and 837?
31
What is the highest common factor of 384 and 20480?
128
What is the greatest common factor of 966 and